8*y. What is the tens digit of l?
8
Let u be 152/56 - (-4)/14. Let c(v) = -u*v + 4*v**2 - 5 - 3 + 0. What is the units digit of c(-4)?
8
Suppose 0 = -3*q + 19 - 7. Let j(s) = -19*s - 72. Let x be j(-4). Suppose x*d - 116 = -q*w, -3*d + 3*w = -8*d + 151. What is the units digit of d?
2
Let h = 1859 + -1164. Suppose z + h = 4*g, 0 = -g + 3*g + 5*z - 353. Suppose -3*x + 4*d + 150 = d, -3*x + g = 5*d. What is the tens digit of x?
5
Suppose -240 = 2*w + 3*w. Let x be (-10)/4*w/(-40). Let l = 26 - x. What is the tens digit of l?
2
Suppose -7 = 5*b + 13, -5*q + 11 = b. Let s(r) = -5*r**2 - 4*r**2 - r**q - 8*r + 15*r + r**2 + 13. What is the units digit of s(-9)?
1
Let d = -68 - -283. What is the tens digit of d?
1
Let p = 158 - -358. Suppose 0 = -4*f - 3*l + p, -376 = -5*f + 2*f - 5*l. What is the hundreds digit of f?
1
Let f = 1046 - 827. What is the units digit of f?
9
Suppose -87 = 5*i + 68. Let q = 85 + i. What is the tens digit of q?
5
What is the thousands digit of 6 + 10/(110/16819)?
1
Let f(d) = d**3 + 4*d**2 - 3*d - 4. Let u be f(-4). Let s be (2 - u)*20/(-15). What is the units digit of s/2 - 0/6?
4
Suppose -6*m + 5*m = -369. Suppose -5*z + m = -2*z. What is the units digit of z?
3
Let i = -12 + 11. Let w(m) = m**3 - 2*m - 1. Let g be w(i). Suppose 3*o + g*j = 4*j + 32, -4*o + 72 = 2*j. What is the units digit of o?
6
Suppose 3*p + 341 = 2309. What is the tens digit of p?
5
Let q = 319 - 465. Let r = -33 - q. What is the units digit of r?
3
Let g(o) = 19*o**2 + 14*o + 39. What is the units digit of g(8)?
7
Let w(j) = 2*j**3 - 14*j**2 + 8*j + 82. What is the hundreds digit of w(8)?
2
Let m = -79 + 94. What is the tens digit of -2*(-2)/12 + 1480/m?
9
Suppose 15*r = 17*r - 3102. What is the units digit of r?
1
Let d(u) be the first derivative of -u**5/10 + 2*u**2 - 3*u + 4. Let k(m) be the first derivative of d(m). What is the tens digit of k(-3)?
5
Suppose 0 = -3*f - 4*w + 12055, -w + 6*w = 5*f - 20150. What is the thousands digit of f?
4
Let o = 2859 + -2007. Suppose 0 = d + 2*d - o. What is the tens digit of d?
8
Let b(g) = -g**2 + 12*g - 6. Let z be b(11). Suppose -3*s - 22 = -z*s. What is the tens digit of s?
1
Let p(v) = v**2 - 1. Let r(m) = -5 + 15*m + 9*m**2 - 3*m**3 + 2*m**3 - 5*m. Let b be r(10). What is the units digit of p(b)?
4
Suppose -3 = 6*x - 33. Suppose -x*t = -11*t. What is the tens digit of 16/4 + t + 33?
3
Let q(a) = 13*a + 11*a**2 + 16*a - 16*a - 7 - a**3 + 2*a. What is the units digit of q(12)?
9
Let z(x) = 3*x**2 - 25*x + 13. What is the hundreds digit of z(16)?
3
Suppose -1 = 3*k + 8, -a + 3*k = -59. Let v = 72 - a. What is the tens digit of v?
2
Let f(d) = d**2 + 2*d - 6. Suppose -2*a = h + 2*h + 22, -2*a = -h - 2. What is the units digit of f(h)?
8
Suppose 370*x - 5430 = 367*x. What is the units digit of x?
0
Let p = 29 + -36. Let d be p/2*(3 + 79). What is the tens digit of 6/(-45) + d/(-15)?
1
Let c(v) be the first derivative of -13*v**3/3 - 6*v**2 - 11*v - 9. Let w(j) = -7*j**2 - 6*j - 5. Let a(o) = -6*c(o) + 11*w(o). What is the tens digit of a(-8)?
2
Let h be (112/(-4))/(-2) - 3. Suppose 5*j + 3*n - h = -0*j, -5*j - 2*n = -14. What is the units digit of j/(-12)*(-103 - -4)?
3
Let q(f) = f**3 - 8*f**2 + 6 - f - 2 - 8*f. Let d = -54 - -63. What is the units digit of q(d)?
4
Let o(f) = -17*f**3 + 4*f**2 + 6*f - 2. Let n be o(4). Let h = -1540 - n. What is the units digit of 16/120 - h/15?
6
Let q be 618 + -1 - (2 + 3). Suppose -n = 5*n - q. What is the tens digit of n?
0
Let b(z) be the first derivative of -z**3/3 - 9*z**2/2 + 10*z - 2. Let s be b(-7). Let d = s - 14. What is the units digit of d?
0
Suppose 4*h = 20, 0*x + h + 85 = -3*x. Let z = 97 + x. What is the units digit of z?
7
What is the hundreds digit of ((-25392)/5)/(-8) - (-3)/15?
6
What is the units digit of (4 + (-6)/3)/(7/1246)?
6
Let j = -758 - -1291. What is the hundreds digit of j?
5
What is the units digit of (-93)/(-4) + (-30)/24?
2
Let r = 1855 + -908. What is the tens digit of r?
4
Let h(o) = -o + 20. Let b be h(12). Suppose 0 = q + q + b, 4*a + 5*q = 180. What is the units digit of a?
0
Suppose 0 = -4*s + 465 - 117. Suppose -n + s = -162. What is the tens digit of n?
4
Let f = -870 + 1026. What is the units digit of f?
6
Let d(j) = 9*j - 317. What is the units digit of d(41)?
2
Let d(o) = -o**3 + 35*o**2 + 12*o + 25. What is the units digit of d(35)?
5
Suppose 5*f = 5*p + 30, 5 = 2*f - 5. Let c = 7 + p. What is the units digit of c?
6
Let g be -1 + 1 - (-8)/4. Let f(v) = -11 - g*v - 4*v + 13 - v**2. What is the units digit of f(-5)?
7
Let k(p) = 7*p**2 - 2*p + 136. What is the tens digit of k(-17)?
9
Let l be (1 - -4) + (-2)/(-1). Suppose -2*i + 0 = k - l, 0 = -i + 2*k - 4. Suppose p = -i*p + 9. What is the units digit of p?
3
Let c(i) = i**3 + 21*i**2 + 29*i + 19. What is the tens digit of c(-17)?
8
Suppose 0 = -4*y + 3*i - 7*i + 88, 5*i + 130 = 5*y. Let x = y - 36. Let p(r) = -4*r - 15. What is the units digit of p(x)?
3
Let h be (4 + -1)/3 - -2. Let w(f) = f**2 - 4*f + 4. What is the units digit of w(h)?
1
Let s(o) = o**2 + 11*o. Let d be s(-11). Suppose -3*f - 11 = 4*z, 4*f + 4*z + d = -8. Let i(r) = -r**3 + 4*r**2 - 2*r + 4. What is the units digit of i(f)?
7
Let k be 20/4*(-2)/(-5). Let w be 4*((-28)/(-16) + k). What is the units digit of (12/w)/((-1)/(-40))?
2
Let d(u) = 85*u - 4. What is the hundreds digit of d(6)?
5
Suppose k + 0*k + 2 = x, -k = -3*x + 12. Suppose 4*p = 3*p - 2, -k*p = 4*w - 146. What is the units digit of w?
8
Suppose 3*w + x = 6388, 133*w + 5*x + 6400 = 136*w. What is the units digit of w?
0
Let f(o) = -o**2 - 16*o - 19. Let c be f(-10). Suppose -18 = -3*k - 90. Let q = c + k. What is the tens digit of q?
1
What is the tens digit of (-3 - 0) + (4374/(-1))/(-3)?
5
Let r = -308 + 211. Let b = 25 - r. What is the tens digit of b?
2
Suppose t = -2*t - m + 9, 0 = 5*t - 3*m - 15. Suppose 2*i + 35 = t*i. What is the tens digit of i?
3
Suppose -1606 = -3*j - 376. What is the hundreds digit of j?
4
Let n be ((-10)/(-6))/(8/24). What is the tens digit of 2/n - (-1)/((-5)/(-903))?
8
Suppose 0 = -6*q - 5*q + 2*q. Let v(m) = -m - 2. Let z be v(-5). Suppose h + 96 = 2*x, q = -8*h + z*h. What is the units digit of x?
8
Let m = -14 - -23. Let u = 115 - 67. Suppose -5*h = -5*y - 55, 3*y + m = 5*h - u. What is the units digit of h?
2
What is the hundreds digit of 44562/16 + 18/(-144) + -6?
7
Let n be (-36)/(-24)*8/3. Suppose 5*b = n*m + 204, 3*b - m - 81 = b. What is the tens digit of b?
4
What is the hundreds digit of ((6640/(-24))/(-10))/((-2)/(-12))?
1
Let w(r) = r + 6. Suppose 5*n = 14 - 4. Suppose 0 = 2*u + n*u - 12. What is the units digit of w(u)?
9
Suppose 7656 = -3296*c + 3307*c. What is the units digit of c?
6
Let m(g) = -60*g - 32. Let i be m(-5). Suppose 7*y + i = 11*y. What is the tens digit of y?
6
Suppose -q - 2*q = 9, q = -p + 1. Suppose 5*d - 3*c = 19, 4*d - 6*d - p*c + 18 = 0. Suppose -d*r + 313 = 43. What is the units digit of r?
4
Suppose -62 = 3*u + 5*c, 2*c - 102 = 4*u - c. Let s = 62 + u. Suppose 0 = -2*t - 0*t - 10, 5*t - s = -3*z. What is the tens digit of z?
2
Let z = -32 + 35. Suppose 6*x - 180 = -z*x. What is the units digit of x?
0
Let q be 0*-1*3/(-12). Suppose 38 = i - q. Suppose i = 5*u - 132. What is the units digit of u?
4
Let c = 880 + 495. What is the tens digit of c?
7
Suppose a = 50 + 22. Let t be (-7)/9 - 16/a. Let l(v) = 44*v**2 - v - 2. What is the units digit of l(t)?
3
Let k(r) = -r**3 - 21*r**2 + 20*r + 21. Suppose -4*v + v = 4*y + 70, -5*v = -3*y + 107. What is the tens digit of k(v)?
6
Let a(y) = -18*y - 3*y**2 + y**3 - 10*y**2 - 6*y**2 + 0 - 21. What is the tens digit of a(20)?
1
Let i(g) = -2*g**3 + 6*g**2 - 7*g + 6. Let t be i(5). Let d = 172 + t. What is the tens digit of d?
4
Let y(t) = 25*t - 18. Let a(k) = k. Let j(p) = -3*a(p) - y(p). What is the units digit of j(-4)?
0
Suppose -2*r + 7 = -s, s - 17 = 2*r - 4*r. Let i(c) be the third derivative of -c**5/60 + 7*c**4/24 - c**3/3 - 2*c**2. What is the units digit of i(r)?
4
Let q(j) = -1. Let s(u) = u**3 - 8*u**2 - 13*u - 10. Let z(h) = 6*q(h) - s(h). Let o = -10 - -19. What is the tens digit of z(o)?
4
Let j(y) = 13*y - 318 + 273 + 3*y. What is the units digit of j(11)?
1
Suppose 13*p - 382 - 4987 = 0. Let r = p + -133. What i